4?
6
What is the hundreds digit of 48224?
2
What is the units digit of 14073?
3
What is the units digit of 1144?
4
What is the hundreds digit of 7029?
0
What is the tens digit of 535?
3
What is the thousands digit of 2141?
2
What is the hundreds digit of 3804?
8
What is the ten thousands digit of 11749?
1
What is the ten thousands digit of 38889?
3
What is the tens digit of 915?
1
What is the units digit of 93?
3
What is the units digit of 47158?
8
What is the hundreds digit of 3184?
1
What is the ten thousands digit of 68831?
6
What is the tens digit of 98538?
3
What is the thousands digit of 2621?
2
What is the ten thousands digit of 32029?
3
What is the tens digit of 5111?
1
What is the thousands digit of 8422?
8
What is the thousands digit of 2448?
2
What is the thousands digit of 10678?
0
What is the thousands digit of 40320?
0
What is the ten thousands digit of 17189?
1
What is the units digit of 6161?
1
What is the units digit of 10334?
4
What is the units digit of 9192?
2
What is the units digit of 4448?
8
What is the ten thousands digit of 20537?
2
What is the tens digit of 216?
1
What is the units digit of 4989?
9
What is the tens digit of 2304?
0
What is the tens digit of 5139?
3
What is the thousands digit of 6677?
6
What is the units digit of 1193?
3
What is the thousands digit of 1062?
1
What is the thousands digit of 3219?
3
What is the tens digit of 1107?
0
What is the tens digit of 8887?
8
What is the tens digit of 3277?
7
What is the tens digit of 22087?
8
What is the units digit of 822?
2
What is the thousands digit of 93000?
3
What is the tens digit of 5016?
1
What is the thousands digit of 1435?
1
What is the hundreds digit of 16813?
8
What is the thousands digit of 4614?
4
What is the tens digit of 719?
1
What is the tens digit of 1548?
4
What is the thousands digit of 5894?
5
What is the units digit of 587?
7
What is the units digit of 13334?
4
What is the tens digit of 24?
2
What is the thousands digit of 24319?
4
What is the thousands digit of 2259?
2
What is the units digit of 75?
5
What is the ten thousands digit of 18822?
1
What is the hundreds digit of 115914?
9
What is the hundreds digit of 77897?
8
What is the thousands digit of 122297?
2
What is the thousands digit of 1110?
1
What is the units digit of 46223?
3
What is the tens digit of 58567?
6
What is the tens digit of 1915?
1
What is the thousands digit of 2015?
2
What is the hundreds digit of 868?
8
What is the thousands digit of 6982?
6
What is the hundreds digit of 1284?
2
What is the tens digit of 44385?
8
What is the tens digit of 1480?
8
What is the tens digit of 17438?
3
What is the ten thousands digit of 50035?
5
What is the tens digit of 15948?
4
What is the hundreds digit of 2209?
2
What is the tens digit of 47162?
6
What is the units digit of 17021?
1
What is the units digit of 19725?
5
What is the hundreds digit of 554?
5
What is the tens digit of 64278?
7
What is the hundreds digit of 1697?
6
What is the units digit of 6699?
9
What is the thousands digit of 24202?
4
What is the hundreds digit of 8315?
3
What is the units digit of 74927?
7
What is the tens digit of 53034?
3
What is the units digit of 45145?
5
What is the hundreds digit of 7501?
5
What is the thousands digit of 11754?
1
What is the thousands digit of 80205?
0
What is the hundreds digit of 2361?
3
What is the hundred thousands digit of 121797?
1
What is the ten thousands digit of 26260?
2
What is the tens digit of 29388?
8
What is the thousands digit of 2673?
2
What is the units digit of 923?
3
What is the tens digit of 86573?
7
What is the units digit of 13610?
0
What is the tens digit of 28046?
4
What is the hundreds digit of 1798?
7
What is the hundreds digit of 25814?
8
What is the thousands digit of 1033?
1
What is the tens digit of 41?
4
What is the units digit of 386?
6
What is the tens digit of 182?
8
What is the tens digit of 15553?
5
What is the tens digit of 1747?
4
What is the tens digit of 2952?
5
What is the tens digit of 774?
7
What is the tens digit of 71236?
3
What is the tens digit of 118744?
4
What is the thousands digit of 54269?
4
What is the hundreds digit of 11697?
6
What is the hundreds digit of 853?
8
What is the tens digit of 1879?
7
What is the hundreds digit of 7316?
3
What is the thousands digit of 23834?
3
What is the units digit of 792?
2
What is the units digit of 7753?
3
What is the hundreds digit of 51613?
6
What is the thousands digit of 10018?
0
What is the thousands digit of 2488?
2
What is the thousands digit of 1849?
1
What is the units digit of 437?
7
What is the tens digit of 83100?
0
What is the tens digit of 1357?
5
What is the hundreds digit of 8418?
4
What is the units digit of 17081?
1
What is the thousands digit of 72740?
2
What is the hundreds digit of 42282?
2
What is the units digit of 65095?
5
What is the ten thousands digit of 62062?
6
What is the ten thousands digit of 26347?
2
What is the thousands digit of 46007?
6
What is the ten thousands digit of 11449?
1
What is the tens digit of 6883?
8
What is the thousands digit of 3639?
3
What is the units digit of 45710?
0
What is the thousands digit of 4714?
4
What is the tens digit of 23223?
2
What is the thousands digit of 1743?
1
What is the hundreds digit of 7335?
3
What is the units digit of 19766?
6
What is the thousands digit of 2900?
2
What is the units digit of 15115?
5
What is the thousands digit of 5696?
5
What is the units digit of 2527?
7
What is the hundreds digit of 436?
4
What is the units digit of 85387?
7
What is the tens digit of 928?
2
What is the units digit of 204?
4
What is the tens digit of 32072?
7
What is the tens digit of 10117?
1
What is the hundreds digit of 315?
3
What is the hundreds digit of 1083?
0
What is the hundreds digit of 957?
9
What is the tens digit of 1573?
7
What is the units digit of 118781?
1
What is the units digit of 23246?
6
What is the tens digit of 1569?
6
What is the ten thousands digit of 14119?
1
What is the tens digit of 4973?
7
What is the ten thousands digit of 23436?
2
What is the hundred thousands digit of 152694?
1
What is the thousands digit of 86375?
6
What is the hundreds digit of 1468?
4
What is the units digit of 3150?
0
What is the ten thousands digit of 120681?
2
What is the hundreds digit of 69186?
1
What is the thousands digit of 93866?
3
What is the ten thousands digit of 81794?
8
What is the hundreds digit of 40831?
8
What is the thousands digit of 2860?
2
What is the thousands digit of 196494?
6
What is the hundreds digit of 1270?
2
What is the thousands digit of 1532?
1
What is the tens digit of 11925?
2
What is the tens digit of 21521?
2
What is the tens digit of 581?
8
What is the hundreds digit of 30422?
4
What is the hundreds digit of 63673?
6
What is the hundreds digit of 2262?
2
What is the hundreds digit of 4414?
4
What is the hundreds digit of 250?
2
What is the tens digit of 3001?
0
What is the tens digit of 115836?
3
What is the thousands digit of 1007?
1
What is the units digit of 46076?
6
What is the hundreds digit of 4180?
1
What is the hundreds digit of 21210?
2
What is the ten thousands digit of 54047?
5
What is the hundreds digit of 699?
6
What is the hundreds digit of 21532?
5
What is the tens digit of 153?
5
What is the tens digit of 1477?
7
What is the tens digit of 4056?
5
What is the hundreds digit of 14487?
4
What is the units digit of 700?
0
What is the tens digit of 78091?
9
What is the units digit of 93?
3
What is the ten thousands digit of 61510?
6
What is the tens digit of 1322?
2
What is the units digit of 2587?
7
What is the tens digit of 13229?
2
What is the hundreds digit of 478?
4
What is the units digit of 8405?
5
What is the thousands digit of 1264?
1
What is the tens digit of 1596?
9
What is the units digit of 437?
7
What is the thousands digit of 2301?
2
What is the tens digit of 4773?
7
What is the hundreds digit of 60573?
5
What is the hundreds digit of 423?
4
What is the units digit of 72703?
3
What is the thousands digit of 5945?
5
What is the units digit of 204?
4
What is the hundreds digit of 1132?
1
What is the thousands digit of 1010?
1
What is the units digit of 42279?
9
What is the ten thousands digit of 28796?
2
What is the hundreds digit of 57165?
1
What is the h